{"id":8,"date":"2012-10-19T13:02:17","date_gmt":"2012-10-19T12:02:17","guid":{"rendered":"http:\/\/scr-mi.insa-rennes.fr\/stephanefreslon\/?page_id=8"},"modified":"2026-04-09T11:09:55","modified_gmt":"2026-04-09T10:09:55","slug":"moncv","status":"publish","type":"page","link":"https:\/\/iscr-csm.insa-rennes.fr\/stephanefreslon\/moncv\/","title":{"rendered":"CV"},"content":{"rendered":"<p><span style=\"text-decoration: underline\"><strong>Implications au sein de l&rsquo;INSA:<\/strong><\/span><\/p>\n<p>Membre du bureau du CASI (depuis 2018-) &amp; Tr\u00e9sorier (depuis sept 2021) pr\u00e9c\u00e9demment Vice-Tr\u00e9sorier du CASI (2019-2020) .<\/p>\n<p>Participation \u00e0 des jurys de recrutement (2015, 2019, 2020, 2023) .<\/p>\n<p>2020-2026: 2 mandats membre \u00e9lu du Conseil d&rsquo;Administration de l&rsquo;INSA Rennes.<\/p>\n<p>Responsable de l&rsquo;activit\u00e9 Futsal du CASI, INSA Rennes (2009-2024).<\/p>\n<p>&nbsp;<\/p>\n<p><span style=\"text-decoration: underline\"><strong>Exp\u00e9riences:<\/strong><\/span><\/p>\n<p>Depuis 2010, Ing\u00e9nieur d&rsquo;\u00c9tudes.<\/p>\n<p>2019-: Membre du laboratoire commun Chemintag (INSA \/ Olnica)<\/p>\n<p>2015-2018: Membre du laboratoire commun LumCod (INSA \/ I-KR)<\/p>\n<p>2014-2018: Membre du Conseil Scientifique de l&rsquo;INSA de Rennes, et de son bureau.<\/p>\n<p>2010 : Concours externe, Ing\u00e9nieur d\u2019\u00c9tudes.<\/p>\n<p>2009-2010 : Ing\u00e9nieur de Recherche, contractuel, laboratoire ISCR\/MI, INSA de Rennes.<\/p>\n<p>2008-2009: Technicien, contractuel, d\u00e9partement STPI-TP de Chimie, INSA de Rennes.<\/p>\n<p>&nbsp;<\/p>\n<p><span style=\"text-decoration: underline\"><strong>Cursus universitaire:<\/strong><\/span><\/p>\n<p>2008: Master 2 Chimie et Entreprise, parcours Mat\u00e9riaux + DU Magist\u00e8re Mat\u00e9riaux, universit\u00e9 de Rennes 1.<\/p>\n<p>2007 : Master 1 Chimie, parcours Mat\u00e9riaux, universit\u00e9 de Rennes 1.<\/p>\n<p>2006 : Licence Chimie, parcours Mat\u00e9riaux, universit\u00e9 de Rennes 1.<\/p>\n<p>2005 : DUT Mesures Physiques, IUT Lannion.<\/p>\n<p><strong>\u00a0<\/strong><\/p>\n","protected":false},"excerpt":{"rendered":"<p>Implications au sein de l&rsquo;INSA: Membre du bureau du CASI (depuis 2018-) &amp; Tr\u00e9sorier (depuis sept 2021) pr\u00e9c\u00e9demment Vice-Tr\u00e9sorier du CASI (2019-2020) . Participation \u00e0 des jurys de recrutement (2015, 2019, 2020, 2023) . 2020-2026: &hellip; <a href=\"https:\/\/iscr-csm.insa-rennes.fr\/stephanefreslon\/moncv\/\" class=\"more-link\">Lire la suite <span class=\"screen-reader-text\">CV<\/span> <span class=\"meta-nav\">&rarr;<\/span><\/a><\/p>\n","protected":false},"author":4,"featured_media":0,"parent":0,"menu_order":0,"comment_status":"closed","ping_status":"closed","template":"","meta":{"footnotes":""},"class_list":["post-8","page","type-page","status-publish","hentry"],"jetpack_sharing_enabled":true,"_links":{"self":[{"href":"https:\/\/iscr-csm.insa-rennes.fr\/stephanefreslon\/wp-json\/wp\/v2\/pages\/8","targetHints":{"allow":["GET"]}}],"collection":[{"href":"https:\/\/iscr-csm.insa-rennes.fr\/stephanefreslon\/wp-json\/wp\/v2\/pages"}],"about":[{"href":"https:\/\/iscr-csm.insa-rennes.fr\/stephanefreslon\/wp-json\/wp\/v2\/types\/page"}],"author":[{"embeddable":true,"href":"https:\/\/iscr-csm.insa-rennes.fr\/stephanefreslon\/wp-json\/wp\/v2\/users\/4"}],"replies":[{"embeddable":true,"href":"https:\/\/iscr-csm.insa-rennes.fr\/stephanefreslon\/wp-json\/wp\/v2\/comments?post=8"}],"version-history":[{"count":22,"href":"https:\/\/iscr-csm.insa-rennes.fr\/stephanefreslon\/wp-json\/wp\/v2\/pages\/8\/revisions"}],"predecessor-version":[{"id":99,"href":"https:\/\/iscr-csm.insa-rennes.fr\/stephanefreslon\/wp-json\/wp\/v2\/pages\/8\/revisions\/99"}],"wp:attachment":[{"href":"https:\/\/iscr-csm.insa-rennes.fr\/stephanefreslon\/wp-json\/wp\/v2\/media?parent=8"}],"curies":[{"name":"wp","href":"https:\/\/api.w.org\/{rel}","templated":true}]}}