{"id":14,"date":"2012-10-19T13:22:59","date_gmt":"2012-10-19T12:22:59","guid":{"rendered":"http:\/\/scr-mi.insa-rennes.fr\/olivierguillou\/?page_id=14"},"modified":"2024-09-02T12:45:15","modified_gmt":"2024-09-02T11:45:15","slug":"valorisation","status":"publish","type":"page","link":"https:\/\/iscr-csm.insa-rennes.fr\/olivierguillou\/valorisation\/","title":{"rendered":"Valorisation"},"content":{"rendered":"<p><span style=\"color: #000000\">29 brevets (9 familles) \u2013 5 licences \u2013 Co-fondateur de la soci\u00e9t\u00e9 Olnica<\/span><\/p>\n<p><span style=\"color: #000000\">&#8211; Directeur du laboratoire commun INSA Rennes\/I-KR\/CNRS\u00a0 LumCod (2015-2018)<br \/>\n&#8211; Directeur du laboratoire commun INSA Rennes\/Olnica\/CNRS ChemInTag (2019-2024)<br \/>\n<\/span><\/p>\n<p><span style=\"color: #000000\">&#8211; Directeur adjoint \u00e0 la valorisation de la recherche (2023-)<br \/>\n&#8211; <\/span><span style=\"color: #000000\">Charg\u00e9 de mission \u00ab\u00a0Valorisation\u00a0\u00bb de l&rsquo;INSA de Rennes (2015-2022)<br \/>\n&#8211; Membre du bureau du Campus de l&rsquo;Innovation rennais (2020-2023)<br \/>\n-Membre du CODIR du PUI 3Campus de l&rsquo;Innovation de l&rsquo;Universit\u00e9 de Rennes\u00a0\u00bb (2023-)<br \/>\n&#8211; Membre du CA de la SATT Ouest Valorisation (2017-)<br \/>\n&#8211; Membre du Conseil Strat\u00e9gique de Valorisation Bretagne-Pays de Loire (2015-)<br \/>\n&#8211; Membre de la commission de d\u00e9ontologie Bretagne-Pays de Loire pour la mobilit\u00e9 public-priv\u00e9 (2019-)<br \/>\n&#8211; Membre du GT \u00ab\u00a0Relations Industrielles\u00a0\u00bb de l&rsquo;UMR ISCR (2019-)<br \/>\n<\/span><\/p>\n<p><span style=\"color: #000000\">&#8211; Laur\u00e9at du 10\u00e8me Concours National d\u2019Aide \u00e0 la Cr\u00e9ation d\u2019Entreprises de Technologies Innovantes OSEO (I-Lab) dans la cat\u00e9gorie \u00ab En \u00e9mergence \u00bb. 2008.<br \/>\n<\/span><span style=\"color: #000000\">&#8211; Laur\u00e9at du Troph\u00e9e R\u00e9gional de l\u2019Innovation INPI en cat\u00e9gorie \u00ab Laboratoires \u00bb. 2008.<br \/>\n<\/span><span style=\"color: #000000\">&#8211; Laur\u00e9at du 11\u00e8me Concours National d\u2019Aide \u00e0 la Cr\u00e9ation d\u2019Entreprise de Technologies Innovantes OSEO (I-Lab) dans la cat\u00e9gorie \u00ab Cr\u00e9ation D\u00e9veloppement \u00bb 2009<br \/>\n<\/span><span style=\"color: #000000\">&#8211; Laur\u00e9at du 1er appel \u00ab\u00a0Projet du Futur\u00a0\u00bb de la Fondation de la Banque Populaire de l&rsquo;Ouest dans la cat\u00e9gorie \u00ab\u00a0confirmation\u00a0\u00bb.\u00a0 2015<br \/>\n&#8211; Laur\u00e9at des \u00ab\u00a0Troph\u00e9es de la Valorisation du Campus de l&rsquo;Innovation Rennais\u00a0\u00bb (DIS Energie, Chimie, Mat\u00e9riaux et Structures Innovants). 2021<br \/>\n-Membre S\u00e9nior de l&rsquo;IUF (Chaire \u00ab\u00a0Innovation\u00a0\u00bb). 2023<br \/>\n<\/span><\/p>\n<p><a href=\"https:\/\/iscr-csm.insa-rennes.fr\/olivierguillou\/wp-content\/uploads\/sites\/7\/2021\/12\/dscf9455-trophees1_0.jpg\"><img loading=\"lazy\" decoding=\"async\" class=\"size-medium wp-image-107 aligncenter\" src=\"https:\/\/iscr-csm.insa-rennes.fr\/olivierguillou\/wp-content\/uploads\/sites\/7\/2021\/12\/dscf9455-trophees1_0-300x200.jpg\" alt=\"\" width=\"300\" height=\"200\" srcset=\"https:\/\/iscr-csm.insa-rennes.fr\/olivierguillou\/wp-content\/uploads\/sites\/7\/2021\/12\/dscf9455-trophees1_0-300x200.jpg 300w, https:\/\/iscr-csm.insa-rennes.fr\/olivierguillou\/wp-content\/uploads\/sites\/7\/2021\/12\/dscf9455-trophees1_0-768x512.jpg 768w, https:\/\/iscr-csm.insa-rennes.fr\/olivierguillou\/wp-content\/uploads\/sites\/7\/2021\/12\/dscf9455-trophees1_0-638x425.jpg 638w, https:\/\/iscr-csm.insa-rennes.fr\/olivierguillou\/wp-content\/uploads\/sites\/7\/2021\/12\/dscf9455-trophees1_0.jpg 864w\" sizes=\"auto, (max-width: 300px) 100vw, 300px\" \/><\/a><\/p>\n","protected":false},"excerpt":{"rendered":"<p>29 brevets (9 familles) \u2013 5 licences \u2013 Co-fondateur de la soci\u00e9t\u00e9 Olnica &#8211; Directeur du laboratoire commun INSA Rennes\/I-KR\/CNRS\u00a0 LumCod (2015-2018) &#8211; Directeur du laboratoire commun INSA Rennes\/Olnica\/CNRS ChemInTag (2019-2024) &#8211; Directeur adjoint \u00e0 &hellip; <a href=\"https:\/\/iscr-csm.insa-rennes.fr\/olivierguillou\/valorisation\/\" class=\"more-link\">Lire la suite <span class=\"screen-reader-text\">Valorisation<\/span> <span class=\"meta-nav\">&rarr;<\/span><\/a><\/p>\n","protected":false},"author":3,"featured_media":0,"parent":0,"menu_order":0,"comment_status":"closed","ping_status":"closed","template":"","meta":{"footnotes":""},"class_list":["post-14","page","type-page","status-publish","hentry"],"jetpack_sharing_enabled":true,"_links":{"self":[{"href":"https:\/\/iscr-csm.insa-rennes.fr\/olivierguillou\/wp-json\/wp\/v2\/pages\/14","targetHints":{"allow":["GET"]}}],"collection":[{"href":"https:\/\/iscr-csm.insa-rennes.fr\/olivierguillou\/wp-json\/wp\/v2\/pages"}],"about":[{"href":"https:\/\/iscr-csm.insa-rennes.fr\/olivierguillou\/wp-json\/wp\/v2\/types\/page"}],"author":[{"embeddable":true,"href":"https:\/\/iscr-csm.insa-rennes.fr\/olivierguillou\/wp-json\/wp\/v2\/users\/3"}],"replies":[{"embeddable":true,"href":"https:\/\/iscr-csm.insa-rennes.fr\/olivierguillou\/wp-json\/wp\/v2\/comments?post=14"}],"version-history":[{"count":11,"href":"https:\/\/iscr-csm.insa-rennes.fr\/olivierguillou\/wp-json\/wp\/v2\/pages\/14\/revisions"}],"predecessor-version":[{"id":135,"href":"https:\/\/iscr-csm.insa-rennes.fr\/olivierguillou\/wp-json\/wp\/v2\/pages\/14\/revisions\/135"}],"wp:attachment":[{"href":"https:\/\/iscr-csm.insa-rennes.fr\/olivierguillou\/wp-json\/wp\/v2\/media?parent=14"}],"curies":[{"name":"wp","href":"https:\/\/api.w.org\/{rel}","templated":true}]}}