{"id":12,"date":"2012-10-19T13:22:52","date_gmt":"2012-10-19T12:22:52","guid":{"rendered":"http:\/\/scr-mi.insa-rennes.fr\/olivierguillou\/?page_id=12"},"modified":"2022-04-27T07:46:17","modified_gmt":"2022-04-27T06:46:17","slug":"enseignement","status":"publish","type":"page","link":"https:\/\/iscr-csm.insa-rennes.fr\/olivierguillou\/enseignement\/","title":{"rendered":"Enseignement"},"content":{"rendered":"<p><span style=\"color: #000000\">Membre du conseil du d\u00e9partement STPI (Sciences et Techniques Pour l&rsquo;Ing\u00e9nieur\u00a0\u00bb) ( 2018-2022)<\/span><\/p>\n<p><span style=\"color: #000000\">INSA, D\u00e9partement Sciences et Techniques de l&rsquo;Ing\u00e9nieur (L1 &amp; L2)<\/span><br \/>\n<span style=\"color: #000000\">\u00ab\u00a0Atomes et liaisons\u00a0\u00bb, \u00ab\u00a0chimie des solutions\u00a0\u00bb, \u00ab\u00a0Cristallographie\u00a0\u00bb, \u00ab\u00a0Thermochimie\u00a0\u00bb, \u00ab\u00a0Thermochimie appliqu\u00e9e\u00a0\u00bb, \u00ab\u00a0Relations Structure-Propri\u00e9t\u00e9s \u00ab\u00a0<\/span><\/p>\n<p><span style=\"color: #000000\">INSA, D\u00e9partement \u00ab\u00a0Science et G\u00e9nie des Mat\u00e9riaux\u00a0\u00bb (L3)<\/span><br \/>\n<span style=\"color: #000000\">\u00ab\u00a0Mat\u00e9riaux polym\u00e8res\u00a0\u00bb<\/span><\/p>\n<p><span style=\"color: #000000\">INSA\/ESC, Msc \u00ab\u00a0Innovation et Entrepreneuriat\u00a0\u00bb (M2)<\/span><br \/>\n<span style=\"color: #000000\">\u00ab\u00a0Les terres rares et leurs applications. Enjeux soci\u00e9taux et g\u00e9opolitiques\u00a0\u00bb, \u00ab\u00a0T\u00e9moignage de l\u2019exp\u00e9rience du laboratoire en termes de valorisation de ses recherches. Exemple de la cr\u00e9ation de la soci\u00e9t\u00e9 Olnica\u00a0\u00bb<\/span><\/p>\n<p><span style=\"color: #000000\">UR1\/INSA, M2 \u00ab\u00a0Chimie du Solide et Mat\u00e9riaux\u00a0\u00bb<\/span><br \/>\n<span style=\"color: #000000\">\u00ab\u00a0Chimie inorganique mol\u00e9culaire\u00a0\u00bb<\/span><\/p>\n<p><span style=\"color: #000000\">Membre de l&rsquo;\u00e9quipe p\u00e9dagogique du Master \u00ab\u00a0Sciences des Mat\u00e9riaux\u00a0\u00bb de l&rsquo;Universit\u00e9 Assane Seck de Ziguinchor (S\u00e9n\u00e9gal) depuis sa cr\u00e9ation (2012)<\/span><\/p>\n","protected":false},"excerpt":{"rendered":"<p>Membre du conseil du d\u00e9partement STPI (Sciences et Techniques Pour l&rsquo;Ing\u00e9nieur\u00a0\u00bb) ( 2018-2022) INSA, D\u00e9partement Sciences et Techniques de l&rsquo;Ing\u00e9nieur (L1 &amp; L2) \u00ab\u00a0Atomes et liaisons\u00a0\u00bb, \u00ab\u00a0chimie des solutions\u00a0\u00bb, \u00ab\u00a0Cristallographie\u00a0\u00bb, \u00ab\u00a0Thermochimie\u00a0\u00bb, \u00ab\u00a0Thermochimie appliqu\u00e9e\u00a0\u00bb, \u00ab\u00a0Relations Structure-Propri\u00e9t\u00e9s &hellip; <a href=\"https:\/\/iscr-csm.insa-rennes.fr\/olivierguillou\/enseignement\/\" class=\"more-link\">Lire la suite <span class=\"screen-reader-text\">Enseignement<\/span> <span class=\"meta-nav\">&rarr;<\/span><\/a><\/p>\n","protected":false},"author":3,"featured_media":0,"parent":0,"menu_order":0,"comment_status":"closed","ping_status":"closed","template":"","meta":{"footnotes":""},"class_list":["post-12","page","type-page","status-publish","hentry"],"jetpack_sharing_enabled":true,"_links":{"self":[{"href":"https:\/\/iscr-csm.insa-rennes.fr\/olivierguillou\/wp-json\/wp\/v2\/pages\/12","targetHints":{"allow":["GET"]}}],"collection":[{"href":"https:\/\/iscr-csm.insa-rennes.fr\/olivierguillou\/wp-json\/wp\/v2\/pages"}],"about":[{"href":"https:\/\/iscr-csm.insa-rennes.fr\/olivierguillou\/wp-json\/wp\/v2\/types\/page"}],"author":[{"embeddable":true,"href":"https:\/\/iscr-csm.insa-rennes.fr\/olivierguillou\/wp-json\/wp\/v2\/users\/3"}],"replies":[{"embeddable":true,"href":"https:\/\/iscr-csm.insa-rennes.fr\/olivierguillou\/wp-json\/wp\/v2\/comments?post=12"}],"version-history":[{"count":8,"href":"https:\/\/iscr-csm.insa-rennes.fr\/olivierguillou\/wp-json\/wp\/v2\/pages\/12\/revisions"}],"predecessor-version":[{"id":114,"href":"https:\/\/iscr-csm.insa-rennes.fr\/olivierguillou\/wp-json\/wp\/v2\/pages\/12\/revisions\/114"}],"wp:attachment":[{"href":"https:\/\/iscr-csm.insa-rennes.fr\/olivierguillou\/wp-json\/wp\/v2\/media?parent=12"}],"curies":[{"name":"wp","href":"https:\/\/api.w.org\/{rel}","templated":true}]}}