{"id":32,"date":"2012-10-19T12:42:55","date_gmt":"2012-10-19T11:42:55","guid":{"rendered":"http:\/\/scr-mi.insa-rennes.fr\/doctorants\/?page_id=32"},"modified":"2019-03-20T10:25:45","modified_gmt":"2019-03-20T09:25:45","slug":"chrystelleneaime","status":"publish","type":"page","link":"https:\/\/iscr-csm.insa-rennes.fr\/non-permanents\/chrystelleneaime\/","title":{"rendered":"Chrystelle Neaime"},"content":{"rendered":"<p style=\"text-align: left;\"><strong>NOM et <\/strong><strong>Pr\u00e9nom<\/strong><strong>:<\/strong> NEAIME Chrystelle<\/p>\n<p style=\"text-align: left;\"><strong>Date et lieu de naissance:<\/strong> 18 octobre 1989, \u00e0 Maalaka<\/p>\n<p style=\"text-align: left;\"><strong>E-mail\u00a0:<\/strong> <a href=\"mailto:chrystelle-neaime@hotmail.com\">chrystelle.neaime@hotmail.com<\/a><\/p>\n<p style=\"text-align: center;\">\u00a0<strong>FORMATION<\/strong><\/p>\n<p style=\"text-align: left;\">2014-2015 Troisi\u00e8me ann\u00e9e de doctorat \u00e0 l&rsquo;INSA de Rennes<\/p>\n<p style=\"text-align: left;\">2013-2014 Deuxi\u00e8me ann\u00e9e de doctorat \u00e0 l&rsquo;INSA de Rennes.<\/p>\n<p style=\"text-align: left;\">2012-2013 Premi\u00e8re ann\u00e9e de doctorat \u00e0 l&rsquo;INSA de Rennes.<\/p>\n<p>2011-2012\u00a0 Master2 recherche en Nanosciences et Mat\u00e9riaux Fonctionnels, Universit\u00e9 Libanaise, Ecole Doctorale, Fanar-LIBAN.<\/p>\n<p>Stage\u00a0:\u00a0\u00a0 (3mois) Universit\u00e9 de Rennes1 \u2013 Equipe Chimie du Solide et Mat\u00e9riaux.<\/p>\n<p>2010-2011\u00a0 Master1 en Chimie-Physique des Mat\u00e9riaux, Universit\u00e9 Libanaise, Facult\u00e9 des Sciences II, Fanar-LIBAN. Mention tr\u00e8s bien.<\/p>\n<p>2009-2010\u00a0 Troisi\u00e8me ann\u00e9e de licence en Chimie, Universit\u00e9 Libanaise, Facult\u00e9 des Sciences II, Fanar-LIBAN.<\/p>\n<p>2008-2009\u00a0 Deuxi\u00e8me ann\u00e9e de licence en Chimie, Universit\u00e9 Libanaise, Facult\u00e9 des Sciences II, Fanar-LIBAN.<\/p>\n<p>2007-2008\u00a0 Premi\u00e8re ann\u00e9e de licence en Chimie, Universit\u00e9 Libanaise, Facult\u00e9 des Sciences II, Fanar-LIBAN.<\/p>\n<p>2007\u00a0\u00a0\u00a0\u00a0\u00a0\u00a0\u00a0\u00a0\u00a0 \u00a0\u00a0\u00a0Baccalaur\u00e9at Libanais. Sciences de la Vie et de la Terre.<\/p>\n<p style=\"text-align: center;\"><strong>Publications<\/strong><\/p>\n<p>[1]- Extended Investigations on Luminescent Cs<sub>2<\/sub>[Mo<sub>6<\/sub>Br<sub>14<\/sub>]@SiO<sub>2 <\/sub>Nano-particles\u00a0: Physico-Structural Characterization and Toxicity Studies, T. Aubert, F.Cabello Hurtado, M.A. Esnault, C.Neaime, D. Lebret-Chauvel, S. Jeanne, P. Pellen, C. Roiland, L. Le Polles, N.Saito, K.Kimoto, H. Haneda, N. Ohashi, F.Grasset, S. Cordier, J. Phys. Chem. C, 2013, 117, 20154-20163.<\/p>\n<p>[2]- Multifunctionnal Hybrid Silica Nanoparticles Based on [Mo<sub>6<\/sub>Br<sub>14<\/sub>]<sup>2-<\/sup> Phosphorescent Nanosized Clusters, Magnetic \u03b3-Fe<sub>2<\/sub>O<sub>3<\/sub> and Plasmonic Gold Nanoparticles, N. Nerambourg, T. Aubert, C. Neaime, S. Cordier, M. Mortier, G. Patriarche and, F. Grasset, J. Colloids Inter. Sci., 2014, 424, 132\u2013140.<\/p>\n<p>[3]- Voltage driven photoluminescence of hybrid liquid crystalline ZnO nanoparticles, C.\u00a0 Neaime, M.Pr\u00e9v\u020ft, M. Amela-Cortes, V. C\u020brcut, F. Grasset, H.Folliot, Y. Molard, Chem. Eur. J (accepted)<\/p>\n<p style=\"text-align: center;\"><strong>Proceedings\u00a0<\/strong><\/p>\n<p>[1]- Multi-functional silica nanoparticles based on metal atom clusters: from design to toxicological studies, T. Aubert, N. Nerambourg, C.Neaime, F.Cabello Hurtado, M.A. Esnault, D. Lebret-Chauvel Jeanne, P. Pellen, N.Saito, K.Kimoto, H. Haneda, N. Ohashi, F.Grasset, S. Cordier, Key Engineering Materials, 2014, Vol.617, 179-183.<\/p>\n<p>[2]- Band-Gap engineering based on Ti@ZnO nanocolloids: tunable optical properties, Key Engineering Materials, C.Neaime, F.Grasset, T.Aubert, 2014, Vol.617, 161-165.<\/p>\n<p>[3]- Magnetic and fluorescent hybrid silica nanoparticles based on the co-encapsulation of \u03b3-Fe<sub>2<\/sub>O<sub>3<\/sub> nanocristals and [Mo<sub>6<\/sub>Br<sub>14<\/sub>]<sup>2-<\/sup> luminescent nanosized clusters by water-in-oil microemulsion, C.Neaime, N.Nerambourg, T.Aubert, F.Grasset, S.Cordier, P.Gredin, M.Mortier, Key Engineering Materials, 2014, Vol 617, 174-178.<\/p>\n<p style=\"text-align: center;\"><strong>PRATIQUES INFORMATIQUES<\/strong><\/p>\n<ul>\n<li>Programmation Imp\u00e9rative en MATLAB et FORTRAN.<\/li>\n<li>Bureautique\u00a0: Word, Excel, PowerPoint, Photoshop.<\/li>\n<li>Ma\u00eetrise d\u2019internet.<\/li>\n<\/ul>\n<p style=\"text-align: center;\"><strong>LANGUES<\/strong><\/p>\n<ul>\n<li>Fran\u00e7ais: lu, parl\u00e9 et \u00e9crit. Excellent. DELF B2.<\/li>\n<li>Anglais : lu, parl\u00e9 et \u00e9crit. Excellent.<\/li>\n<li>Arabe : lu, parl\u00e9 et \u00e9crit. Excellent.<\/li>\n<\/ul>\n<p style=\"text-align: center;\"><strong>CENTRES D\u2019INT\u00c9R\u00caT<\/strong><\/p>\n<ul>\n<li>Lecture: revues scientifiques, litt\u00e9rature, philosophie.<\/li>\n<li>Sports: Natation, randonn\u00e9e.<\/li>\n<li>Recherche sur internet. Jeu d\u2019\u00e9checs. Musique classique.<\/li>\n<li>Go\u00fbt prononc\u00e9 pour la d\u00e9couverte de toute activit\u00e9 nouvelle et future.<\/li>\n<\/ul>\n","protected":false},"excerpt":{"rendered":"<p>NOM et Pr\u00e9nom: NEAIME Chrystelle Date et lieu de naissance: 18 octobre 1989, \u00e0 Maalaka E-mail\u00a0: chrystelle.neaime@hotmail.com \u00a0FORMATION 2014-2015 Troisi\u00e8me ann\u00e9e de doctorat \u00e0 l&rsquo;INSA de Rennes 2013-2014 Deuxi\u00e8me ann\u00e9e de doctorat \u00e0 l&rsquo;INSA de &hellip; <a href=\"https:\/\/iscr-csm.insa-rennes.fr\/non-permanents\/chrystelleneaime\/\" class=\"more-link\">Lire la suite <span class=\"screen-reader-text\">Chrystelle Neaime<\/span> <span class=\"meta-nav\">&rarr;<\/span><\/a><\/p>\n","protected":false},"author":5,"featured_media":0,"parent":0,"menu_order":0,"comment_status":"closed","ping_status":"closed","template":"","meta":{"footnotes":""},"class_list":["post-32","page","type-page","status-publish","hentry"],"jetpack_sharing_enabled":true,"_links":{"self":[{"href":"https:\/\/iscr-csm.insa-rennes.fr\/non-permanents\/wp-json\/wp\/v2\/pages\/32","targetHints":{"allow":["GET"]}}],"collection":[{"href":"https:\/\/iscr-csm.insa-rennes.fr\/non-permanents\/wp-json\/wp\/v2\/pages"}],"about":[{"href":"https:\/\/iscr-csm.insa-rennes.fr\/non-permanents\/wp-json\/wp\/v2\/types\/page"}],"author":[{"embeddable":true,"href":"https:\/\/iscr-csm.insa-rennes.fr\/non-permanents\/wp-json\/wp\/v2\/users\/5"}],"replies":[{"embeddable":true,"href":"https:\/\/iscr-csm.insa-rennes.fr\/non-permanents\/wp-json\/wp\/v2\/comments?post=32"}],"version-history":[{"count":4,"href":"https:\/\/iscr-csm.insa-rennes.fr\/non-permanents\/wp-json\/wp\/v2\/pages\/32\/revisions"}],"predecessor-version":[{"id":189,"href":"https:\/\/iscr-csm.insa-rennes.fr\/non-permanents\/wp-json\/wp\/v2\/pages\/32\/revisions\/189"}],"wp:attachment":[{"href":"https:\/\/iscr-csm.insa-rennes.fr\/non-permanents\/wp-json\/wp\/v2\/media?parent=32"}],"curies":[{"name":"wp","href":"https:\/\/api.w.org\/{rel}","templated":true}]}}