{"id":260,"date":"2022-09-01T13:25:13","date_gmt":"2022-09-01T12:25:13","guid":{"rendered":"https:\/\/iscr-csm.insa-rennes.fr\/non-permanents\/?page_id=260"},"modified":"2022-09-02T16:08:29","modified_gmt":"2022-09-02T15:08:29","slug":"lowikdewezraszka","status":"publish","type":"page","link":"https:\/\/iscr-csm.insa-rennes.fr\/non-permanents\/lowikdewezraszka\/","title":{"rendered":"Lowik Dewez Raszka"},"content":{"rendered":"\r\n<p><\/p>\r\n<h2>Contact<\/h2>\r\n<p><strong>Institut des Sciences Chimiques de Rennes (FR) &#8211; UMR CNRS 6226<br \/>INSA-Rennes, B\u00e2timent 11 11<\/strong><br \/>20 avenue des Buttes de Coesmes<br \/>CS 70839, 35708 RENNES Cedex 7, France<br \/><a href=mailto:lowik.dewez-raszka@insa-rennes.fr>lowik.dewez-raszka@insa-rennes.fr<\/a><\/p>\r\n<h2><span dir=\"ltr\" role=\"presentation\">Cursus<\/span><\/h2>\r\n<h5><span dir=\"ltr\" role=\"presentation\">Doctorant en chimie inorganique (Septembre 2022 \u2013 ) <\/span><\/h5>\r\n<p><span dir=\"ltr\" role=\"presentation\">INSA Rennes, FRANCE<\/span><\/p>\r\n<ul>\r\n<li>Sujet: MOFs luminescents comme capteurs chimiques<\/li>\r\n<\/ul>\r\n<h5><span dir=\"ltr\" role=\"presentation\">Master 2 Material Science MaMaSELF (2021)<br \/><\/span><\/h5>\r\n<p><span dir=\"ltr\" role=\"presentation\">University of\u00a0 Turin, Italie<br \/><\/span><\/p>\r\n<h5><span dir=\"ltr\" role=\"presentation\">Master 1 Science des Mat\u00e9riaux <\/span><span dir=\"ltr\" role=\"presentation\">MaMaSELF <\/span><span dir=\"ltr\" role=\"presentation\">(2020)<br \/><\/span><\/h5>\r\n<p><span dir=\"ltr\" role=\"presentation\">Universit\u00e9 de Rennes 1, France<\/span><\/p>\r\n<h5><span dir=\"ltr\" role=\"presentation\">Dipl\u00f4me d&rsquo;ing\u00e9nieur mat\u00e9riaux (2018-2022)<\/span><\/h5>\r\n<p><span dir=\"ltr\" role=\"presentation\">\u00c9cole Sup\u00e9rieure d&rsquo;Ing\u00e9nieurs de Rennes, France<br \/><\/span><em><span dir=\"ltr\" role=\"presentation\">Sp\u00e9cialit\u00e9 Mat\u00e9riaux<\/span><\/em><\/p>\r\n<div>\u00a0<\/div>\r\n<hr \/>\r\n<p><a href=\"https:\/\/iscr-csm.insa-rennes.fr\/non-permanents\">Les non-permanents du groupe<\/a><\/p>\r\n<p><\/p>\r\n","protected":false},"excerpt":{"rendered":"<p>Contact Institut des Sciences Chimiques de Rennes (FR) &#8211; UMR CNRS 6226INSA-Rennes, B\u00e2timent 11 1120 avenue des Buttes de CoesmesCS 70839, 35708 RENNES Cedex 7, Francelowik.dewez-raszka@insa-rennes.fr Cursus Doctorant en chimie inorganique (Septembre 2022 \u2013 ) &hellip; <a href=\"https:\/\/iscr-csm.insa-rennes.fr\/non-permanents\/lowikdewezraszka\/\" class=\"more-link\">Lire la suite <span class=\"screen-reader-text\">Lowik Dewez Raszka<\/span> <span class=\"meta-nav\">&rarr;<\/span><\/a><\/p>\n","protected":false},"author":1,"featured_media":0,"parent":0,"menu_order":0,"comment_status":"closed","ping_status":"closed","template":"","meta":{"footnotes":""},"class_list":["post-260","page","type-page","status-publish","hentry"],"jetpack_sharing_enabled":true,"_links":{"self":[{"href":"https:\/\/iscr-csm.insa-rennes.fr\/non-permanents\/wp-json\/wp\/v2\/pages\/260","targetHints":{"allow":["GET"]}}],"collection":[{"href":"https:\/\/iscr-csm.insa-rennes.fr\/non-permanents\/wp-json\/wp\/v2\/pages"}],"about":[{"href":"https:\/\/iscr-csm.insa-rennes.fr\/non-permanents\/wp-json\/wp\/v2\/types\/page"}],"author":[{"embeddable":true,"href":"https:\/\/iscr-csm.insa-rennes.fr\/non-permanents\/wp-json\/wp\/v2\/users\/1"}],"replies":[{"embeddable":true,"href":"https:\/\/iscr-csm.insa-rennes.fr\/non-permanents\/wp-json\/wp\/v2\/comments?post=260"}],"version-history":[{"count":5,"href":"https:\/\/iscr-csm.insa-rennes.fr\/non-permanents\/wp-json\/wp\/v2\/pages\/260\/revisions"}],"predecessor-version":[{"id":292,"href":"https:\/\/iscr-csm.insa-rennes.fr\/non-permanents\/wp-json\/wp\/v2\/pages\/260\/revisions\/292"}],"wp:attachment":[{"href":"https:\/\/iscr-csm.insa-rennes.fr\/non-permanents\/wp-json\/wp\/v2\/media?parent=260"}],"curies":[{"name":"wp","href":"https:\/\/api.w.org\/{rel}","templated":true}]}}