{"id":258,"date":"2022-09-01T13:24:46","date_gmt":"2022-09-01T12:24:46","guid":{"rendered":"https:\/\/iscr-csm.insa-rennes.fr\/non-permanents\/?page_id=258"},"modified":"2024-01-19T16:50:53","modified_gmt":"2024-01-19T15:50:53","slug":"adrienschlachter","status":"publish","type":"page","link":"https:\/\/iscr-csm.insa-rennes.fr\/non-permanents\/adrienschlachter\/","title":{"rendered":"Adrien Schlachter"},"content":{"rendered":"<p>&nbsp;<\/p>\r\n\r\n<h2>Contact<a href=\"https:\/\/iscr-csm.insa-rennes.fr\/non-permanents\/wp-content\/uploads\/sites\/10\/2023\/01\/241717682_1547904408881752_6027227098961889111_n.jpg\"><img loading=\"lazy\" decoding=\"async\" class=\"alignright wp-image-303 size-thumbnail\" src=\"https:\/\/iscr-csm.insa-rennes.fr\/non-permanents\/wp-content\/uploads\/sites\/10\/2023\/01\/241717682_1547904408881752_6027227098961889111_n-150x150.jpg\" alt=\"\" width=\"150\" height=\"150\" srcset=\"https:\/\/iscr-csm.insa-rennes.fr\/non-permanents\/wp-content\/uploads\/sites\/10\/2023\/01\/241717682_1547904408881752_6027227098961889111_n-150x150.jpg 150w, https:\/\/iscr-csm.insa-rennes.fr\/non-permanents\/wp-content\/uploads\/sites\/10\/2023\/01\/241717682_1547904408881752_6027227098961889111_n-300x300.jpg 300w, https:\/\/iscr-csm.insa-rennes.fr\/non-permanents\/wp-content\/uploads\/sites\/10\/2023\/01\/241717682_1547904408881752_6027227098961889111_n-1022x1024.jpg 1022w, https:\/\/iscr-csm.insa-rennes.fr\/non-permanents\/wp-content\/uploads\/sites\/10\/2023\/01\/241717682_1547904408881752_6027227098961889111_n-768x769.jpg 768w, https:\/\/iscr-csm.insa-rennes.fr\/non-permanents\/wp-content\/uploads\/sites\/10\/2023\/01\/241717682_1547904408881752_6027227098961889111_n-1534x1536.jpg 1534w, https:\/\/iscr-csm.insa-rennes.fr\/non-permanents\/wp-content\/uploads\/sites\/10\/2023\/01\/241717682_1547904408881752_6027227098961889111_n-1200x1202.jpg 1200w, https:\/\/iscr-csm.insa-rennes.fr\/non-permanents\/wp-content\/uploads\/sites\/10\/2023\/01\/241717682_1547904408881752_6027227098961889111_n-200x200.jpg 200w, https:\/\/iscr-csm.insa-rennes.fr\/non-permanents\/wp-content\/uploads\/sites\/10\/2023\/01\/241717682_1547904408881752_6027227098961889111_n-424x425.jpg 424w, https:\/\/iscr-csm.insa-rennes.fr\/non-permanents\/wp-content\/uploads\/sites\/10\/2023\/01\/241717682_1547904408881752_6027227098961889111_n.jpg 2012w\" sizes=\"auto, (max-width: 150px) 100vw, 150px\" \/><\/a><\/h2>\r\n<p><strong>Institut des Sciences Chimiques de Rennes (FR) &#8211; UMR CNRS 6226<br \/>INSA-Rennes, Building 11<\/strong><br \/>20 avenue des Buttes de Coesmes<br \/>CS 70839, 35708 RENNES Cedex 7, France<br \/><a href=\"mailto:Adrien.Schlachter@insa-rennes.fr\">Adrien.Schlachter@insa-rennes.fr<\/a><br \/><a href=\"https:\/\/scholar.google.com\/citations?user=n52A3BEAAAAJ&amp;hl=en&amp;inst=17849131778672153748&amp;oi=ao\" target=\"_blank\" rel=\"noopener noreferrer\"><img loading=\"lazy\" decoding=\"async\" class=\"alignnone  wp-image-242\" src=\"https:\/\/iscr-csm.insa-rennes.fr\/non-permanents\/wp-content\/uploads\/sites\/10\/2020\/10\/512px-Google_Scholar_logo.svg_-300x300.png\" alt=\"\" width=\"30\" height=\"30\" srcset=\"https:\/\/iscr-csm.insa-rennes.fr\/non-permanents\/wp-content\/uploads\/sites\/10\/2020\/10\/512px-Google_Scholar_logo.svg_-300x300.png 300w, https:\/\/iscr-csm.insa-rennes.fr\/non-permanents\/wp-content\/uploads\/sites\/10\/2020\/10\/512px-Google_Scholar_logo.svg_-150x150.png 150w, https:\/\/iscr-csm.insa-rennes.fr\/non-permanents\/wp-content\/uploads\/sites\/10\/2020\/10\/512px-Google_Scholar_logo.svg_-200x200.png 200w, https:\/\/iscr-csm.insa-rennes.fr\/non-permanents\/wp-content\/uploads\/sites\/10\/2020\/10\/512px-Google_Scholar_logo.svg_-425x425.png 425w, https:\/\/iscr-csm.insa-rennes.fr\/non-permanents\/wp-content\/uploads\/sites\/10\/2020\/10\/512px-Google_Scholar_logo.svg_.png 512w\" sizes=\"auto, (max-width: 30px) 100vw, 30px\" \/><\/a> \u00a0 \u00a0\u00a0 \u00a0<a href=\"https:\/\/orcid.org\/0000-0001-5215-8908\"><img loading=\"lazy\" decoding=\"async\" class=\"alignnone  wp-image-243\" src=\"https:\/\/iscr-csm.insa-rennes.fr\/non-permanents\/wp-content\/uploads\/sites\/10\/2020\/10\/768px-ORCID_iD.svg_-300x300.png\" alt=\"\" width=\"30\" height=\"30\" srcset=\"https:\/\/iscr-csm.insa-rennes.fr\/non-permanents\/wp-content\/uploads\/sites\/10\/2020\/10\/768px-ORCID_iD.svg_-300x300.png 300w, https:\/\/iscr-csm.insa-rennes.fr\/non-permanents\/wp-content\/uploads\/sites\/10\/2020\/10\/768px-ORCID_iD.svg_-150x150.png 150w, https:\/\/iscr-csm.insa-rennes.fr\/non-permanents\/wp-content\/uploads\/sites\/10\/2020\/10\/768px-ORCID_iD.svg_-200x200.png 200w, https:\/\/iscr-csm.insa-rennes.fr\/non-permanents\/wp-content\/uploads\/sites\/10\/2020\/10\/768px-ORCID_iD.svg_-425x425.png 425w, https:\/\/iscr-csm.insa-rennes.fr\/non-permanents\/wp-content\/uploads\/sites\/10\/2020\/10\/768px-ORCID_iD.svg_.png 768w\" sizes=\"auto, (max-width: 30px) 100vw, 30px\" \/><\/a>\u00a0 \u00a0 \u00a0\u00a0<a href=\"https:\/\/ca.linkedin.com\/in\/adrien-schlachter-b061268a\"><img loading=\"lazy\" decoding=\"async\" class=\"alignnone size-medium wp-image-244\" src=\"https:\/\/iscr-csm.insa-rennes.fr\/non-permanents\/wp-content\/uploads\/sites\/10\/2020\/10\/LinkedIn-Logo-300x300-1.png\" alt=\"\" width=\"30\" height=\"30\" srcset=\"https:\/\/iscr-csm.insa-rennes.fr\/non-permanents\/wp-content\/uploads\/sites\/10\/2020\/10\/LinkedIn-Logo-300x300-1.png 300w, https:\/\/iscr-csm.insa-rennes.fr\/non-permanents\/wp-content\/uploads\/sites\/10\/2020\/10\/LinkedIn-Logo-300x300-1-150x150.png 150w, https:\/\/iscr-csm.insa-rennes.fr\/non-permanents\/wp-content\/uploads\/sites\/10\/2020\/10\/LinkedIn-Logo-300x300-1-200x200.png 200w\" sizes=\"auto, (max-width: 30px) 100vw, 30px\" \/><\/a> \u00a0 \u00a0\u00a0 \u00a0<a href=\"https:\/\/www.researchgate.net\/profile\/Adrien-Schlachter\"><img loading=\"lazy\" decoding=\"async\" class=\"n3VNCb KAlRDb\" src=\"https:\/\/upload.wikimedia.org\/wikipedia\/commons\/thumb\/5\/5e\/ResearchGate_icon_SVG.svg\/1200px-ResearchGate_icon_SVG.svg.png\" alt=\"File:ResearchGate icon SVG.svg - Meta\" width=\"31\" height=\"31\" data-noaft=\"1\" \/><\/a> \u00a0 \u00a0\u00a0 \u00a0<a href=\"https:\/\/www-webofscience-com.passerelle.univ-rennes1.fr\/wos\/author\/record\/G-7840-2017\"><img loading=\"lazy\" decoding=\"async\" class=\"n3VNCb KAlRDb\" src=\"https:\/\/play-lh.googleusercontent.com\/kLVaTwis1K_rhrn0t0pY9rHNOHcBQl1YJHi845-PhaREajRS3-I1FdyAwRedFgcPo1Y\" alt=\"Web of Science MyRA \u2013 Applications sur Google Play\" width=\"30\" height=\"30\" data-noaft=\"1\" \/><\/a><\/p>\r\n<h2><span dir=\"ltr\" role=\"presentation\">Cursus<\/span><\/h2>\r\n<h5><span dir=\"ltr\" role=\"presentation\">Chercheur postdoctoral (Octobre 2023 &#8211; )<br \/><\/span><\/h5>\r\n<p><span dir=\"ltr\" role=\"presentation\"> Chercheur postdoctoral, CNRS innovation, ISCR (Institut des Sciences Chimiques de Rennes), \u00c9quipe CSM (Chimie du Solide et Mat\u00e9riaux)<br \/>Responsable scientifique : Dr. Christophe Lescop<br \/><em>Assemblages supramol\u00e9culaires luminescents de l\u2019ion Cu(I) \u00e0 bas co\u00fbt pour des applications dans l&rsquo;\u00e9clairage et la d\u00e9tection<\/em><\/span><\/p>\r\n<h5><span dir=\"ltr\" role=\"presentation\">Chercheur postdoctoral, ing\u00e9nieur maturation R&amp;D (Avril 2022 &#8211; Septembre 2023)<br \/><\/span><\/h5>\r\n<p><span dir=\"ltr\" role=\"presentation\"> Chercheur postdoctoral, ing\u00e9nieur maturation R&amp;D, SATT Ouest Valorisation, ISCR (Institut des Sciences Chimiques de Rennes), \u00c9quipe CSM (Chimie du Solide et Mat\u00e9riaux)<br \/>Responsable scientifique : Dr. Christophe Lescop<br \/><em>Nouveaux traceurs luminescents \u00e0 transition thermochrome irr\u00e9versible pour le contr\u00f4le non destructif du v\u00e9cu thermique de dispositifs vari\u00e9s<\/em><\/span><\/p>\r\n<h5><span dir=\"ltr\" role=\"presentation\">Chercheur postdoctoral, agent de recherche <\/span><span dir=\"ltr\" role=\"presentation\">(Septembre 2020 \u2013 Octobre 2021)<\/span><\/h5>\r\n<p><span dir=\"ltr\" role=\"presentation\">Laboratoire de recherche Pierre D. Harvey, Universit\u00e9 de Sherbrooke, CANADA<br \/><\/span><em><span dir=\"ltr\" role=\"presentation\">Nouveaux accepteurs non-fullerene mono- et diindolocarbazoles abordables pour le design de cellules solaires<br \/><\/span><span dir=\"ltr\" role=\"presentation\">Conception de nano-MOFs pour photog\u00e9n\u00e9ration d\u2019oxyg\u00e8ne singulet et d\u00e9tection proche infrarouge \u00e0 l\u2019interface <\/span><\/em><em><span dir=\"ltr\" role=\"presentation\">solide-gaz.<\/span><\/em><\/p>\r\n<h5><span dir=\"ltr\" role=\"presentation\">Doctorat en chimie (Septembre 2016 \u2013 Octobre 2021)<br \/><\/span><\/h5>\r\n<p><span dir=\"ltr\" role=\"presentation\">Laboratoire de recherche Pierre D. Harvey, Universit\u00e9 de Sherbrooke, CANADA<\/span><br \/><em><a href=\"https:\/\/savoirs.usherbrooke.ca\/handle\/11143\/18759\">Conception de nouveaux mat\u00e9riaux luminescents de coordination construits \u00e0 l&rsquo;aide de sels de cuivre(I) et de ligands organiques thioether<\/a><br \/>Liste d&rsquo;honneur aux \u00e9tudes sup\u00e9rieures de la Facult\u00e9 des sciences 2022<br \/>Mention excellent<br \/><\/em><\/p>\r\n<h5><span dir=\"ltr\" role=\"presentation\">Master Sciences de la Mati\u00e8re (2014 &#8211; 2016)<br \/><\/span><\/h5>\r\n<p><span dir=\"ltr\" role=\"presentation\">Universit\u00e9 de Franche-Comt\u00e9, France<br \/><\/span><em><span dir=\"ltr\" role=\"presentation\">Sp\u00e9cialit\u00e9 Chimie Physique des Interfaces<\/span><\/em><\/p>\r\n<h2><span dir=\"ltr\" role=\"presentation\">Publications<\/span><\/h2>\r\n<p>(25) L. Boivin, A. Schlachter, D. Fortin and P. D. Harvey, Truxene-to-Fluorenone Energy Transfer in a Robust Mesoporous Zn-MOF. <em>Inorg. Chem.,<\/em> <strong>2023<\/strong>, <em>63<\/em>, 1, 141\u2013150. <a href=\"https:\/\/doi.org\/10.1021\/acs.inorgchem.3c02536\">https:\/\/doi.org\/10.1021\/acs.inorgchem.3c02536<\/a>.<\/p>\r\n<p>(24) L. Boivin, A. Schlachter, D. Fortin, C. Lescop and P. D. Harvey, Statistical Analysis of Copper(I) Iodide and Bis(diphenylphosphino)alkane-Based Complexes and Coordination Polymers <em>Molecules<\/em>, <strong>2023<\/strong>, <em>28<\/em>(23), 7781. <a href=\"https:\/\/doi.org\/10.3390\/molecules28237781\">https:\/\/doi.org\/10.3390\/molecules28237781<\/a>.<\/p>\r\n<p>(23) A. Schlachter, P. Asselin, D. Fortin, P.-L. Karsenti and P. D. Harvey, Strong Host-Guest Dependence on the Emissive Properties of MOF-5 and [Zn2(BTTB)(DMF)2\u00b7(H2O)3]n <em>Inorg. Chem.,<\/em>\u00a0<strong>2023<\/strong>, <em>62<\/em>, 34, 13757\u201313764. <a href=\"https:\/\/doi.org\/10.1021\/acs.inorgchem.3c01378\">https:\/\/doi.org\/10.1021\/acs.inorgchem.3c01378<\/a>.\u00a0<\/p>\r\n<p>(22) A. Schlachter, G. Marineau-Plante, D. Fortin, G. D. Sharma and P. D. Harvey, A Rather Simple D-A Nonfullerene for High Performance Indoor Photovoltaic Cells. <em>ACS Applied Energy Materials<\/em>, <strong>2023<\/strong>, <em>6<\/em>, 9, 4961\u20134970. <a href=\"https:\/\/doi.org\/10.1021\/acsaem.3c00437\">https:\/\/doi.org\/10.1021\/acsaem.3c00437<\/a>.\u00a0<\/p>\r\n<p>(21) Chilingaryan, T.; Schlachter, A.; Frochot, C.; Habermeyer, B.; Harvey, P. D.; Guilard, R. Assessment of Photosensitization Performance and Stability of Host-Guest MCM-41 Composites from the Direct Observation of Singlet Oxygen Formation and Properties. <em>J. Porphyr. Phthalocyanines,<\/em> <strong>2023<\/strong>, <em>27<\/em>, 01n04, 517- 525.<a href=\"https:\/\/doi.org\/10.1142\/S108842462350030X\"> https:\/\/doi.org\/10.1142\/S108842462350030X<\/a>.<\/p>\r\n<p>(20) Essalhi, M.; Mohan, M.; Marineau-Plante, G.; Schlachter, A. C.; Maris, T.; Harvey, P. D.; Duong, A. S-Heptazine N-Ligand Based Luminescent Coordination Materials: Synthesis, Structural and Luminescent Studies of Lanthanide-Cyamelurate Networks. <em>Dalt. Trans.<\/em> <strong>2022<\/strong>, <em>51<\/em>, 15005-15016. <a href=\"https:\/\/doi.org\/10.1039\/D2DT01924H\">https:\/\/doi.org\/10.1039\/D2DT01924H<\/a>.<\/p>\r\n<p>(19) Schlachter, A.; Marineau-Plante, G.; Harvey, P. D.; Agrawal, A.; Sharma, G. D. Efficient Ternary Bulk Heterojunction Organic Solar Cells Using a Low-Cost Nonfullerene Acceptor. <em>J. Mater. Chem. C<\/em>, <strong>2022<\/strong>, <em>10<\/em> (11), 4372\u20134382. <a href=\"https:\/\/doi.org\/10.1039\/D1TC05653K\">https:\/\/doi.org\/10.1039\/D1TC05653K<\/a>.<\/p>\r\n<p>(18) Marineau-Plante, G.; Qassab, M.; Schlachter, A.; Nos, M.; Durandetti, M.; Hardouin, J.; Lemouchi, C.; Le Pluart, L.; Harvey, P. D. Photoreductive Electron Transfers in Nanoarchitectonics Organization Between a Diketopyrrolopyroleplatinum(II)-Containing Organometallic Polymer and Various Electron Acceptors. <em>J. Inorg. Organomet. Polym. Mater.<\/em> <strong>2022<\/strong>, <em>32<\/em> (4), 1266\u20131276. <a href=\"https:\/\/doi.org\/10.1007\/s10904-021-02170-3\">https:\/\/doi.org\/10.1007\/s10904-021-02170-3<\/a>.<\/p>\r\n<p>(17) Asselin, P.; Schlachter, A.; Fortin, D.; Karsenti, P.-L.; Harvey, P. D. Structural Influence on Exciton Migration and Singlet Oxygen Photosensitization in Porphyrinic Metal\u2013Organic Coordination Networks. <em>Chem. Mater.<\/em> <strong>2022<\/strong>, <em>34<\/em> (16), 7242\u20137255. <a href=\"https:\/\/doi.org\/10.1021\/acs.chemmater.2c01105\">https:\/\/doi.org\/10.1021\/acs.chemmater.2c01105<\/a>.<\/p>\r\n<p>(16) Schlachter, A.; Scheel, R.; Fortin, D.; Strohmann, C.; Knorr, M.; Harvey, P. D. Chain Length Effect on the Structural and Emission Properties of the CuI\/Bis((4-Methoxyphenyl)Thio)Alkane Coordination Polymers. <em>Inorg. Chem.<\/em> <strong>2022<\/strong>, <em>61<\/em> (29), 11306\u201311318. <a href=\"https:\/\/doi.org\/10.1021\/acs.inorgchem.2c01427\">https:\/\/doi.org\/10.1021\/acs.inorgchem.2c01427<\/a>.<\/p>\r\n<p>(15) Tanner, K.; Marineau-Plante, G.; Schlachter, A.; Karsenti, P.-L.; Soldera, A.; Harvey, P. D. Significant Differences between Solid State and Solution Photochemistry and Photophysics of Mesogenic Organometallic Gold Complexes. <em>Can. J. Chem.<\/em> <strong>2022<\/strong>, <em>100<\/em> (2), 150\u2013161. <a href=\"https:\/\/doi.org\/10.1139\/cjc-2021-0120\">https:\/\/doi.org\/10.1139\/cjc-2021-0120<\/a>.<\/p>\r\n<p>(14) Zhang, H.; Wang, H.; Tanner, K.; Schlachter, A.; Chen, Z.; Harvey, P. D.; Chen, S.; Wong, W. Y. New Phosphorescent Iridium(Iii) Dipyrrinato Complexes: Synthesis, Emission Properties and Their Deep Red to near-Infrared OLEDs. <em>Dalt. Trans.<\/em> <strong>2021<\/strong>, <em>50<\/em> (30), 10629\u201310639. <a href=\"https:\/\/doi.org\/10.1039\/d1dt01557e\">https:\/\/doi.org\/10.1039\/d1dt01557e<\/a>.<\/p>\r\n<p>(13) Schlachter, A.; Harvey, P. D. Properties and Applications of Copper Halide-Chalcogenoether and -Chalcogenone Networks and Functional Materials. <em>J. Mater. Chem. C<\/em> <strong>2021<\/strong>, <em>9<\/em> (21), 6648\u20136685. <a href=\"https:\/\/doi.org\/10.1039\/d1tc00585e\">https:\/\/doi.org\/10.1039\/d1tc00585e<\/a>.<\/p>\r\n<p>(12) Schlachter, A.; Fleury, A.; Tanner, K.; Soldera, A.; Habermeyer, B.; Guilard, R.; Harvey, P. D. The TDDFT Excitation Energies of the BODIPYs; the DFT and TDDFT Challenge Continues. <em>Molecules<\/em> <strong>2021<\/strong>, <em>26<\/em> (6), 1780. <a href=\"https:\/\/doi.org\/10.3390\/molecules26061780\">https:\/\/doi.org\/10.3390\/molecules26061780<\/a>.<\/p>\r\n<p>(11) Schlachter, A.; Asselin, P.; Harvey, P. D. Porphyrin-Containing MOFs and COFs as Heterogeneous Photosensitizers for Singlet Oxygen-Based Antimicrobial Nanodevices. <em>ACS Appl. Mater. Interfaces<\/em> <strong>2021<\/strong>, <em>13<\/em> (23), 26651\u201326672. <a href=\"https:\/\/doi.org\/10.1021\/acsami.1c05234\">https:\/\/doi.org\/10.1021\/acsami.1c05234<\/a>.<\/p>\r\n<p>(10) Schlachter, A.; Tanner, K.; Harvey, P. D. Copper Halide-Chalcogenoether and -Chalcogenone Networks: Chain and Cluster Motifs, Polymer Dimensionality and Photophysical Properties. <em>Coord. Chem. Rev.<\/em> <strong>2021<\/strong>, <em>448<\/em>, 214176. <a href=\"https:\/\/doi.org\/10.1016\/j.ccr.2021.214176\">https:\/\/doi.org\/10.1016\/j.ccr.2021.214176<\/a>.<\/p>\r\n<p>(9) Schlachter, A.; Tanner, K.; Scheel, R.; Karsenti, P. L.; Strohmann, C.; Knorr, M.; Harvey, P. D. A Fused Poly(Truncated Rhombic Dodecahedron)-Containing 3D Coordination Polymer: A Multifunctional Material with Exceptional Properties. <em>Inorg. Chem.<\/em> <strong>2021<\/strong>, <em>60<\/em> (17), 13528\u201313538. <a href=\"https:\/\/doi.org\/10.1021\/acs.inorgchem.1c01856\">https:\/\/doi.org\/10.1021\/acs.inorgchem.1c01856<\/a>.<\/p>\r\n<p>(8) Schlachter, A.; Juvenal, F.; Kinghat Tangou, R.; Khatyr, A.; Guyon, F.; Karsenti, P. L.; Strohmann, C.; Kubicki, M. M.; Rousselin, Y.; Harvey, P. D.; Knorr, M. 2-Azabutadiene Complexes of Rhenium(i):S,N-Chelated Species with Photophysical Properties Heavily Governed by the Ligand Hidden Traits. <em>Dalt. Trans.<\/em> <strong>2021<\/strong>, <em>50<\/em> (8), 2945\u20132963. <a href=\"https:\/\/doi.org\/10.1039\/d0dt04183a\">https:\/\/doi.org\/10.1039\/d0dt04183a<\/a>.<\/p>\r\n<p>(7) Jaillet, A.; Darcel, C.; Bayardon, J.; Schlachter, A.; Salomon, C.; Rousselin, Y.; Harvey, P.; Jug\u00e9, S. Design of P-Chirogenic Aminophosphine-Phosphinite Ligands at Both Phosphorus Centers: Origin of Enantioselectivities in Pd-Catalyzed Allylic Reactions. <em>J. Org. Chem.<\/em> <strong>2020<\/strong>, <em>85<\/em> (22), 14391\u201314410. <a href=\"https:\/\/doi.org\/10.1021\/acs.joc.0c00536\">https:\/\/doi.org\/10.1021\/acs.joc.0c00536<\/a>.<\/p>\r\n<p>(6) Schlachter, A.; Lapprand, A.; Fortin, D.; Strohmann, C.; Harvey, P. D.; Knorr, M. From Short-Bite Ligand Assembled Ribbons to Nanosized Networks in Cu(I) Coordination Polymers Built Upon Bis(Benzylthio)Alkanes (BzS(CH2)n SBz; n = 1\u20139). <em>Inorg. Chem.<\/em> <strong>2020<\/strong>, <em>59<\/em> (6), 3686\u20133708. <a href=\"https:\/\/doi.org\/10.1021\/acs.inorgchem.9b03275\">https:\/\/doi.org\/10.1021\/acs.inorgchem.9b03275<\/a>.<\/p>\r\n<p>(5) Juvenal, F.; Lei, H.; Schlachter, A.; Karsenti, P.-L. L.; Harvey, P. D. Ultrafast Photoinduced Electron Transfers in Platinum(II)-Anthraquinone Diimine Polymer\/PCBM Films. <em>J. Phys. Chem. C<\/em> <strong>2019<\/strong>, <em>123<\/em> (9), 5289\u20135302. <a href=\"https:\/\/doi.org\/10.1021\/acs.jpcc.9b00334\">https:\/\/doi.org\/10.1021\/acs.jpcc.9b00334<\/a>.<\/p>\r\n<p>(4) Schlachter, A.; Bonnot, A.; Fortin, D.; Karsenti, P. L.; Knorr, M.; Harvey, P. D. Unusual Triplet-Triplet Annihilation in a 3D Copper(i) Chloride Coordination Polymer. <em>Phys. Chem. Chem. Phys.<\/em> <strong>2019<\/strong>, <em>21<\/em> (30), 16538\u201316548. <a href=\"https:\/\/doi.org\/10.1039\/c9cp02891a\">https:\/\/doi.org\/10.1039\/c9cp02891a<\/a>.<\/p>\r\n<p>(3) Schlachter, A.; Viau, L.; Fortin, D.; Knauer, L.; Strohmann, C.; Knorr, M.; Harvey, P. D. Control of Structures and Emission Properties of (CuI)n 2-Methyldithiane Coordination Polymers. <em>Inorg. Chem.<\/em> <strong>2018<\/strong>, <em>57<\/em> (21), 13564\u201313576. <a href=\"https:\/\/doi.org\/10.1021\/acs.inorgchem.8b02168\">https:\/\/doi.org\/10.1021\/acs.inorgchem.8b02168<\/a>.<\/p>\r\n<p>(2) Bonnot, A.; Juvenal, F.; Schlachter, A.; Fortin, D.; Harvey, P. D. Completely Unexpected Coordination Selectivity of Copper Iodide for Thioether Over Ethynyl. <em>Chem. Africa<\/em> <strong>2018<\/strong>, <em>1<\/em> (1\u20132), 67\u201377. <a href=\"https:\/\/doi.org\/10.1007\/s42250-018-0004-x\">https:\/\/doi.org\/10.1007\/s42250-018-0004-x<\/a>.<\/p>\r\n<p>(1) Zatsikha, Y. V.; Didukh, N. O.; Nemez, D.; Schlachter, A. C.; Karsenti, P. L.; Kovtun, Y. P.; Harvey, P. D.; Nemykin, V. N. Ferrocene-BODIPYmerocyanine Dyads: New NIR Absorbing Platforms with Optical Properties Susceptible to Protonation. <em>Chem. Commun.<\/em> <strong>2017<\/strong>, <em>53<\/em> (54), 7612\u20137615. <a href=\"https:\/\/doi.org\/10.1039\/c7cc03332j\">https:\/\/doi.org\/10.1039\/c7cc03332j<\/a>.<\/p>\r\n<p>&nbsp;<\/p>\r\n<hr \/>\r\n<p><a href=\"https:\/\/iscr-csm.insa-rennes.fr\/non-permanents\">Les non-permanents du groupe<\/a><\/p>\r\n","protected":false},"excerpt":{"rendered":"<p>&nbsp; Contact Institut des Sciences Chimiques de Rennes (FR) &#8211; UMR CNRS 6226INSA-Rennes, Building 1120 avenue des Buttes de CoesmesCS 70839, 35708 RENNES Cedex 7, FranceAdrien.Schlachter@insa-rennes.fr \u00a0 \u00a0\u00a0 \u00a0\u00a0 \u00a0 \u00a0\u00a0 \u00a0 \u00a0\u00a0 \u00a0 \u00a0 &hellip; <a href=\"https:\/\/iscr-csm.insa-rennes.fr\/non-permanents\/adrienschlachter\/\" class=\"more-link\">Lire la suite <span class=\"screen-reader-text\">Adrien Schlachter<\/span> <span class=\"meta-nav\">&rarr;<\/span><\/a><\/p>\n","protected":false},"author":1,"featured_media":0,"parent":0,"menu_order":0,"comment_status":"closed","ping_status":"closed","template":"","meta":{"footnotes":""},"class_list":["post-258","page","type-page","status-publish","hentry"],"jetpack_sharing_enabled":true,"_links":{"self":[{"href":"https:\/\/iscr-csm.insa-rennes.fr\/non-permanents\/wp-json\/wp\/v2\/pages\/258","targetHints":{"allow":["GET"]}}],"collection":[{"href":"https:\/\/iscr-csm.insa-rennes.fr\/non-permanents\/wp-json\/wp\/v2\/pages"}],"about":[{"href":"https:\/\/iscr-csm.insa-rennes.fr\/non-permanents\/wp-json\/wp\/v2\/types\/page"}],"author":[{"embeddable":true,"href":"https:\/\/iscr-csm.insa-rennes.fr\/non-permanents\/wp-json\/wp\/v2\/users\/1"}],"replies":[{"embeddable":true,"href":"https:\/\/iscr-csm.insa-rennes.fr\/non-permanents\/wp-json\/wp\/v2\/comments?post=258"}],"version-history":[{"count":18,"href":"https:\/\/iscr-csm.insa-rennes.fr\/non-permanents\/wp-json\/wp\/v2\/pages\/258\/revisions"}],"predecessor-version":[{"id":281,"href":"https:\/\/iscr-csm.insa-rennes.fr\/non-permanents\/wp-json\/wp\/v2\/pages\/258\/revisions\/281"}],"wp:attachment":[{"href":"https:\/\/iscr-csm.insa-rennes.fr\/non-permanents\/wp-json\/wp\/v2\/media?parent=258"}],"curies":[{"name":"wp","href":"https:\/\/api.w.org\/{rel}","templated":true}]}}